e the highest common factor of 340 and 20.
20
What is the highest common factor of 483 and 4991?
161
Calculate the highest common factor of 346 and 44.
2
What is the highest common factor of 274 and 173990?
274
Calculate the greatest common factor of 54 and 30.
6
Calculate the greatest common divisor of 234 and 26.
26
Calculate the highest common factor of 45 and 3495.
15
Calculate the highest common divisor of 6001 and 34.
17
Calculate the greatest common divisor of 713 and 46.
23
What is the greatest common factor of 88 and 2024?
88
Calculate the highest common factor of 27 and 4833.
27
Calculate the greatest common factor of 54 and 270.
54
What is the highest common factor of 165 and 528?
33
Calculate the highest common divisor of 323 and 34.
17
What is the highest common factor of 36 and 117?
9
Calculate the greatest common factor of 10 and 670.
10
What is the highest common divisor of 1 and 4?
1
Calculate the highest common factor of 486 and 144.
18
Calculate the greatest common divisor of 156 and 195.
39
Calculate the greatest common factor of 20 and 310.
10
Calculate the greatest common factor of 20216 and 56.
56
What is the greatest common divisor of 4525 and 25?
25
Calculate the highest common factor of 492 and 10.
2
Calculate the greatest common factor of 399 and 513.
57
Calculate the greatest common divisor of 68 and 17.
17
Calculate the greatest common divisor of 24 and 5352.
24
Calculate the greatest common divisor of 335 and 67.
67
What is the greatest common divisor of 249 and 913?
83
Calculate the greatest common divisor of 4288 and 192.
64
Calculate the greatest common divisor of 3075 and 15.
15
What is the highest common divisor of 221 and 2159?
17
What is the highest common factor of 204 and 24?
12
What is the greatest common factor of 3792 and 395?
79
What is the greatest common divisor of 5934 and 258?
258
Calculate the highest common factor of 2 and 9.
1
Calculate the highest common factor of 3267 and 27.
27
What is the highest common factor of 1328 and 56?
8
What is the highest common divisor of 242 and 528?
22
What is the highest common divisor of 16 and 2086?
2
What is the greatest common divisor of 576 and 27?
9
What is the highest common divisor of 56 and 1274?
14
Calculate the greatest common factor of 800 and 768.
32
Calculate the greatest common divisor of 19 and 1273.
19
Calculate the highest common divisor of 875 and 1575.
175
Calculate the greatest common factor of 274 and 4.
2
Calculate the highest common divisor of 2 and 900.
2
Calculate the greatest common divisor of 16 and 4552.
8
What is the greatest common divisor of 462 and 12?
6
What is the highest common divisor of 9515 and 11?
11
Calculate the highest common divisor of 2024 and 88.
88
Calculate the highest common divisor of 7426 and 94.
94
Calculate the highest common divisor of 71 and 355.
71
Calculate the highest common factor of 31 and 2077.
31
What is the greatest common factor of 10 and 270?
10
Calculate the highest common factor of 88 and 2178.
22
Calculate the greatest common factor of 169 and 26.
13
What is the greatest common factor of 57 and 2793?
57
What is the greatest common factor of 1643 and 155?
31
What is the greatest common divisor of 62 and 961?
31
What is the highest common divisor of 1458 and 24?
6
What is the greatest common factor of 720 and 990?
90
What is the greatest common factor of 315 and 140?
35
What is the highest common divisor of 57 and 26923?
19
Calculate the greatest common factor of 28 and 26880.
28
What is the highest common factor of 111 and 851?
37
Calculate the greatest common factor of 143 and 55.
11
What is the greatest common factor of 1 and 19?
1
What is the highest common factor of 678 and 24?
6
Calculate the greatest common factor of 23750 and 57.
19
What is the highest common divisor of 352 and 64?
32
Calculate the highest common factor of 190 and 4.
2
Calculate the highest common factor of 376 and 16.
8
What is the greatest common divisor of 82 and 41?
41
Calculate the greatest common divisor of 25 and 400.
25
Calculate the greatest common divisor of 67 and 41942.
67
What is the greatest common factor of 10 and 790?
10
What is the highest common divisor of 520 and 320?
40
What is the highest common factor of 120 and 1160?
40
Calculate the highest common divisor of 20 and 12.
4
Calculate the highest common divisor of 979 and 44.
11
What is the highest common factor of 850 and 1250?
50
Calculate the highest common divisor of 3 and 528.
3
What is the highest common divisor of 14 and 7?
7
Calculate the greatest common factor of 136 and 24.
8
Calculate the highest common divisor of 5 and 45.
5
Calculate the highest common divisor of 44434 and 26.
26
What is the greatest common divisor of 55 and 1430?
55
What is the greatest common divisor of 9 and 1251?
9
What is the highest common divisor of 735 and 2793?
147
What is the greatest common factor of 10 and 10?
10
What is the highest common factor of 136 and 8?
8
Calculate the greatest common divisor of 21703 and 11.
11
Calculate the highest common divisor of 247 and 19.
19
Calculate the highest common factor of 68 and 1241.
17
Calculate the highest common factor of 817 and 344.
43
Calculate the greatest common divisor of 58 and 6322.
58
What is the greatest common factor of 45 and 2304?
9
What is the highest common divisor of 1 and 563?
1
What is the highest common divisor of 290 and 40?
10
Calculate the greatest common factor of 1969 and 22.
11
What is the greatest common divisor of 4 and 386?
2
What is the highest common factor of 10 and 40?
10
What is the highest common factor of 6632 and 8?
8
What is the greatest common factor of 40 and 792?
8
What is the greatest common factor of 35703 and 9?
9
Calculate the greatest common divisor of 96 and 75.
3
What is the highest common factor of 247 and 39?
13
What is the highest common divisor of 26 and 598?
26
What is the highest common divisor of 26 and 234?
26
Calculate the greatest common divisor of 689 and 53.
53
What is the greatest common divisor of 54 and 288?
18
What is the highest common divisor of 20090 and 70?
70
Calculate the highest common divisor of 4 and 2624.
4
Calculate the greatest common factor of 55 and 55.
55
Calculate the greatest common divisor of 63 and 657.
9
Calculate the greatest common factor of 3841 and 46.
23
Calculate the greatest common divisor of 18 and 45.
9
Calculate the highest common factor of 1 and 81.
1
What is the highest common factor of 63 and 273?
21
Calculate the highest common divisor of 258 and 1419.
129
Calculate the greatest common divisor of 16 and 64.
16
What is the greatest common divisor of 33 and 363?
33
Calculate the greatest common factor of 14651 and 7.
7
What is the highest common factor of 1974 and 6?
6
Calculate the highest common factor of 19 and 323.
19
What is the highest common divisor of 4 and 31?
1
What is the greatest common divisor of 16 and 80?
16
Calculate the highest common divisor of 2619 and 97.
97
What is the highest common divisor of 22390 and 10?
10
Calculate the greatest common divisor of 20 and 1750.
10
What is the highest common divisor of 184 and 506?
46
What is the greatest common divisor of 1256 and 471?
157
Calculate the greatest common factor of 1755 and 135.
135
Calculate the greatest common factor of 1147 and 155.
31
What is the greatest common divisor of 8 and 228?
4
What is the greatest common factor of 249 and 2407?
83
What is the highest common divisor of 34 and 2006?
34
What is the greatest common divisor of 290 and 30?
10
Calculate the greatest common divisor of 71 and 5609.
71
What is the highest common divisor of 405 and 165?
15
Calculate the highest common divisor of 225 and 110925.
225
Calculate the highest common divisor of 58 and 58.
58
What is the greatest common divisor of 106 and 1060?
106
What is the greatest common factor of 67 and 39329?
67
Calculate the greatest common divisor of 884 and 68.
68
Calculate the highest common factor of 3 and 708.
3
Calculate the greatest common divisor of 49 and 91.
7
Calculate the greatest common divisor of 437 and 114.
19
Calculate the highest common divisor of 872 and 109.
109
What is the highest common divisor of 360 and 1140?
60
What is the greatest common divisor of 4 and 